its digit of 111475?
5
What is the hundreds digit of 2146?
1
What is the ten thousands digit of 80257?
8
What is the units digit of 353?
3
What is the units digit of 1306?
6
What is the hundreds digit of 2327?
3
What is the tens digit of 4120?
2
What is the thousands digit of 50117?
0
What is the hundreds digit of 9058?
0
What is the tens digit of 201?
0
What is the tens digit of 371?
7
What is the hundreds digit of 60345?
3
What is the tens digit of 2209?
0
What is the thousands digit of 57707?
7
What is the thousands digit of 5027?
5
What is the hundreds digit of 3357?
3
What is the hundreds digit of 6721?
7
What is the units digit of 9285?
5
What is the units digit of 39?
9
What is the thousands digit of 1057?
1
What is the units digit of 11598?
8
What is the tens digit of 42499?
9
What is the units digit of 18907?
7
What is the units digit of 6001?
1
What is the hundreds digit of 7007?
0
What is the hundreds digit of 223?
2
What is the tens digit of 4558?
5
What is the ten thousands digit of 10663?
1
What is the units digit of 201?
1
What is the tens digit of 83410?
1
What is the units digit of 18131?
1
What is the hundreds digit of 21033?
0
What is the thousands digit of 1308?
1
What is the tens digit of 41475?
7
What is the tens digit of 16673?
7
What is the units digit of 772?
2
What is the tens digit of 602?
0
What is the units digit of 626?
6
What is the units digit of 4673?
3
What is the units digit of 8980?
0
What is the tens digit of 118587?
8
What is the units digit of 4784?
4
What is the units digit of 3439?
9
What is the hundreds digit of 8815?
8
What is the tens digit of 780?
8
What is the hundreds digit of 179?
1
What is the tens digit of 10655?
5
What is the units digit of 479?
9
What is the units digit of 27495?
5
What is the tens digit of 53985?
8
What is the hundreds digit of 1088?
0
What is the hundreds digit of 76102?
1
What is the units digit of 2284?
4
What is the units digit of 1667?
7
What is the thousands digit of 4642?
4
What is the tens digit of 20480?
8
What is the hundreds digit of 26284?
2
What is the ten thousands digit of 19844?
1
What is the units digit of 43471?
1
What is the hundreds digit of 1043?
0
What is the units digit of 5468?
8
What is the thousands digit of 2935?
2
What is the units digit of 1205?
5
What is the thousands digit of 2504?
2
What is the thousands digit of 4828?
4
What is the hundreds digit of 52930?
9
What is the units digit of 35373?
3
What is the units digit of 540?
0
What is the units digit of 627?
7
What is the thousands digit of 2871?
2
What is the hundreds digit of 33632?
6
What is the hundreds digit of 4012?
0
What is the hundreds digit of 75408?
4
What is the tens digit of 2564?
6
What is the tens digit of 5149?
4
What is the units digit of 199?
9
What is the hundreds digit of 569?
5
What is the units digit of 35313?
3
What is the thousands digit of 2597?
2
What is the thousands digit of 7308?
7
What is the tens digit of 1554?
5
What is the hundreds digit of 9211?
2
What is the hundreds digit of 863?
8
What is the units digit of 4539?
9
What is the tens digit of 7436?
3
What is the units digit of 4581?
1
What is the hundreds digit of 726?
7
What is the thousands digit of 1163?
1
What is the units digit of 533?
3
What is the hundreds digit of 881?
8
What is the units digit of 3004?
4
What is the hundreds digit of 57409?
4
What is the units digit of 10020?
0
What is the hundreds digit of 1503?
5
What is the units digit of 445?
5
What is the ten thousands digit of 12378?
1
What is the tens digit of 15837?
3
What is the thousands digit of 4252?
4
What is the units digit of 2930?
0
What is the hundreds digit of 6737?
7
What is the thousands digit of 22759?
2
What is the tens digit of 3608?
0
What is the tens digit of 4542?
4
What is the ten thousands digit of 11399?
1
What is the units digit of 41669?
9
What is the units digit of 2242?
2
What is the units digit of 1163?
3
What is the thousands digit of 10843?
0
What is the hundreds digit of 16484?
4
What is the tens digit of 256?
5
What is the units digit of 4812?
2
What is the tens digit of 12442?
4
What is the units digit of 17822?
2
What is the thousands digit of 160330?
0
What is the thousands digit of 6000?
6
What is the thousands digit of 1992?
1
What is the units digit of 1831?
1
What is the units digit of 1467?
7
What is the thousands digit of 1182?
1
What is the thousands digit of 3285?
3
What is the tens digit of 177?
7
What is the hundreds digit of 369?
3
What is the units digit of 736?
6
What is the tens digit of 5777?
7
What is the thousands digit of 1981?
1
What is the thousands digit of 9741?
9
What is the tens digit of 284?
8
What is the thousands digit of 1882?
1
What is the thousands digit of 30272?
0
What is the hundreds digit of 591?
5
What is the hundreds digit of 1672?
6
What is the tens digit of 480?
8
What is the units digit of 1368?
8
What is the thousands digit of 4111?
4
What is the units digit of 57182?
2
What is the hundreds digit of 2740?
7
What is the units digit of 8593?
3
What is the ten thousands digit of 67062?
6
What is the tens digit of 297?
9
What is the hundreds digit of 72618?
6
What is the ten thousands digit of 22291?
2
What is the hundreds digit of 13864?
8
What is the units digit of 154016?
6
What is the units digit of 14464?
4
What is the units digit of 10616?
6
What is the tens digit of 32431?
3
What is the hundreds digit of 47617?
6
What is the thousands digit of 13314?
3
What is the tens digit of 26086?
8
What is the units digit of 3628?
8
What is the units digit of 589?
9
What is the units digit of 665?
5
What is the thousands digit of 2268?
2
What is the units digit of 28205?
5
What is the thousands digit of 18144?
8
What is the ten thousands digit of 18780?
1
What is the thousands digit of 8722?
8
What is the thousands digit of 13444?
3
What is the tens digit of 9514?
1
What is the tens digit of 126122?
2
What is the units digit of 2418?
8
What is the hundreds digit of 6459?
4
What is the hundreds digit of 19301?
3
What is the ten thousands digit of 18160?
1
What is the units digit of 6176?
6
What is the tens digit of 250?
5
What is the units digit of 32833?
3
What is the hundreds digit of 1261?
2
What is the hundreds digit of 3267?
2
What is the units digit of 23540?
0
What is the tens digit of 4724?
2
What is the thousands digit of 9906?
9
What is the thousands digit of 6436?
6
What is the ten thousands digit of 43579?
4
What is the hundreds digit of 29466?
4
What is the thousands digit of 19640?
9
What is the hundreds digit of 20392?
3
What is the units digit of 175?
5
What is the units digit of 454?
4
What is the units digit of 610?
0
What is the tens digit of 1048?
4
What is the hundreds digit of 35094?
0
What is the thousands digit of 9830?
9
What is the tens digit of 13120?
2
What is the hundreds digit of 9801?
8
What is the hundreds digit of 23629?
6
What is the tens digit of 15548?
4
What is the hundreds digit of 103923?
9
What is the hundreds digit of 55123?
1
What is the units digit of 32348?
8
What is the thousands digit of 9954?
9
What is the thousands digit of 38167?
8
What is the tens digit of 1395?
9
What is the hundreds digit of 5245?
2
What is the tens digit of 1049?
4
What is the tens digit of 35549?
4
What is the units digit of 53533?
3
What is the units digit of 161864?
4
What is the thousands digit of 62211?
2
What is the units digit of 51309?
9
What is the tens digit of 189?
8
What is the hundred thousands digit of 124574?
1
What is the hundreds digit of 1630?
6
What is the ten thousands digit of 13599?
1
What is the ten thousands digit of 23304?
2
What is the tens digit of 4695?
9
What is the thousands digit of 3925?
3
What is the units digit of 6284?
4
What is the units digit of 2257?
7
What is the units digit of 47707?
7
What is the hundreds digit of 1381?
3
What is the units digit of 55145?
5
What is the hundreds digit of 19275?
2
What is the thousands digit of 3661?
3
What is the hundreds digit of 23520?
5
What is the tens digit of 15400?
0
What is the thousands digit of 111541?
1
What is the thousands digit of 6169?
6
What is the thousands digit of 27262?
7
What is the hundreds digit of 3535?
5
What is the hundreds digit of 3086?
0
What is the units